2*j + 39 + 28, 127 = 5*j + g. Calculate the greatest common factor of 494 and j.
26
Let n = 8 + -15. Let h be n + 8 + (0 - -203). Let a = h + -68. What is the greatest common factor of 17 and a?
17
Suppose 0 = 13*c - 7 - 84. Calculate the greatest common factor of 7 and c.
7
Let d = -25 + -5. Suppose 0 = 24*c - 14*c - 500. Let h = d + c. Calculate the greatest common factor of 5 and h.
5
Let f = -42 + 44. Suppose -27 = -v - 4*p + 32, -200 = -4*v + f*p. Calculate the greatest common factor of 34 and v.
17
Suppose -6 = -2*n, -18*q + 21*q - 6 = 2*n. What is the greatest common divisor of 34 and q?
2
Let i = -524 + 707. What is the greatest common divisor of 3 and i?
3
Suppose -5*u = -u. Suppose -4*z - g + 50 = 0, 0 = -2*z + z + 2*g + 8. Let p = u + z. Calculate the highest common divisor of 8 and p.
4
Let w be ((-24)/10)/(30/(-1100)). Calculate the highest common factor of 22 and w.
22
Let v = 219 + -216. What is the highest common divisor of 24 and v?
3
Let a(s) = 22*s**3 + 2*s**2 - 9*s + 5. Let k be a(1). What is the highest common divisor of k and 28?
4
Suppose -2*a - 2*b - 52 - 16 = 0, a - 4*b + 49 = 0. Let n be -5 - (2 - 4) - a. Let k be -1 + 2 + -1 - -17. What is the greatest common factor of k and n?
17
Let b be 2/4 - ((-434)/(-4))/(-7). What is the highest common factor of 32 and b?
16
Let t(d) = d**2 + 3*d + 5. Let w be t(4). Suppose -20 = -2*u - 0. Let h be 436/20 + 2/u. Calculate the greatest common factor of h and w.
11
Let p be (-4)/10 - 86*4/(-10). Suppose 2*h = -3*d - h + 51, 0 = 2*d - 5*h - p. Calculate the highest common factor of 119 and d.
17
Suppose -10*g + 540 = -1380. What is the greatest common divisor of g and 32?
32
Let d(m) = 12*m**2 + 5*m + 3. Let s be d(-4). What is the highest common factor of 7 and s?
7
Let d = 17 - 23. Let r(y) = -5*y - 17. Let k be r(d). Calculate the highest common factor of k and 65.
13
Suppose 0 = -3*q + b + 28, -2*b + 11 = 3*q - 14. Let j(l) = 2*l + 22. Let p be j(q). Calculate the highest common divisor of p and 440.
40
Let f be (-136263)/(-477) - (-2)/6. What is the highest common divisor of 22 and f?
22
Let w be 0 + ((-21)/(-7) - 8)*-6. Let a be -2 - (-112 + (-2 - -4)). Suppose 4*v = a + 252. Calculate the greatest common divisor of v and w.
30
Let k be (-2561)/(-195) + -13 + (-2276)/(-30). What is the highest common divisor of 19 and k?
19
Let o = 1743 - 950. Calculate the greatest common factor of 61 and o.
61
Let n be (-15)/(-4)*(9 - 1). Suppose -632*u = -636*u + 180. What is the highest common factor of u and n?
15
Let x(t) = -t**2 - 4*t. Let b be x(-4). Suppose 0*u + u - 143 = b. Suppose 0 = s + 5*i - 8, 2*s + i = -i + 24. Calculate the greatest common factor of u and s.
13
Suppose 46*l - 15543 + 1191 = 0. Calculate the greatest common divisor of 39 and l.
39
Let i = 134 - 25. What is the greatest common divisor of i and 1853?
109
Suppose 0 = -3*j + 15, 2*y - 35 + 4 = j. Suppose 2*b - 10 = -3*b. Let d be (-15)/10*b*-54. What is the highest common divisor of y and d?
18
Let p(b) = -b**3 + 6*b**2 - b + 15. Let i be p(6). Let w = 31 + i. Calculate the greatest common factor of w and 100.
20
Let c = -192 + 280. Let i = 103 + c. Suppose 3*s - i = -71. Calculate the greatest common factor of 5 and s.
5
Suppose -13*w + 100 = -277. Calculate the highest common divisor of 87 and w.
29
Suppose -7*g + 3 = -6*g. Suppose -a = -g, 0 = -5*m - a + 21 + 27. Let f be (-3)/m + 1192/12. What is the greatest common factor of f and 11?
11
Let s be 70977/27 + (-32)/(-144). Calculate the highest common factor of 11 and s.
11
Let r(d) = d**3 + 50*d**2 - 5*d - 122. Let h be r(-50). What is the highest common factor of 288 and h?
32
Suppose 12*h - 669 = -561. Calculate the highest common divisor of h and 2.
1
Let s(i) = -98*i**3 - 2*i - 2. Let f be s(-1). What is the highest common factor of 2 and f?
2
Let o(a) = 131*a**3 + 3*a - 3. Let c be o(1). Suppose -11*f + c = -309. What is the highest common factor of f and 50?
10
Suppose 0*b + 3*p + 220 = 4*b, 3*p = -b + 40. Let f = -182 - -286. What is the highest common divisor of f and b?
52
Let u be ((-11)/(-22))/((-1)/12). Let w(j) = j**2 + 8*j + 14. Let q be w(u). Calculate the highest common divisor of 2 and q.
2
Let b be (0 - 3) + -6 - 1/1. Let l be -24*(6/(-2) - (b + 8)). Calculate the greatest common divisor of l and 16.
8
Suppose -1406 = -4*x + 2*g, x - g - 490 = -139. Suppose z + x = 4*z + 4*l, 2*z = l + 220. Calculate the highest common factor of 14 and z.
14
Let s = 423 - 420. Suppose a + n = 105, -2*n - 3*n = 5. Suppose -2*q = 3*c - 58, s*c - 2*c = -4*q + a. What is the highest common factor of 182 and q?
26
Suppose 0 = 15*c - 11*c + a - 95, -5*c = -4*a - 145. Calculate the greatest common factor of c and 20.
5
Let f(a) = -4*a - 38. Let b be f(-12). Let w be (-5)/(-2) + 1/(-2). Calculate the highest common factor of b and w.
2
Suppose h - 238 = -4*h + 3*g, h - 44 = -3*g. Let y = h + -34. Calculate the greatest common divisor of 91 and y.
13
Let d(b) = b**3 - 6*b**2 + 3. Let l be d(6). Let v be l + (8/2 - 2). What is the highest common factor of 15 and v?
5
Suppose 210 = 4*z - 10. Let p = 78 - z. What is the highest common divisor of 46 and p?
23
Let s(j) = j + 48. Let n be s(0). Let x(w) = -w**3 + 4*w**2 + 3*w - 6. Let i be x(4). What is the highest common factor of n and i?
6
Let x = -21 + 26. Suppose 4*l - 38 = 2*l + x*a, a + 2 = 0. Let h = 270 + -116. What is the greatest common factor of l and h?
14
Suppose 4*d - 4 = 4. Let m be (-2*117)/(-1*(d - 1)). What is the highest common divisor of m and 26?
26
Let b(p) = 6*p - 4. Let t be b(2). Let i be (2 + (-2)/2)*t. Let a(o) = -o - 4. Let j be a(-6). What is the greatest common divisor of j and i?
2
Let u = 68 + -38. Let f = 40 - 34. Suppose 12 = -f*p + 8*p. Calculate the highest common divisor of u and p.
6
Suppose 0 = a + y - 66, 3*y + 240 = 4*a + y. Calculate the highest common factor of a and 310.
62
Let o = -3 + 3. Suppose r + o + 4 = 0. Let d(h) = h**2 + 2*h - 5. Let c be d(r). What is the greatest common divisor of 18 and c?
3
Suppose 0 = 13*i - 1688 + 128. Calculate the highest common divisor of i and 6.
6
Let j = 1 + 5. Let w be (j/(-3))/1 - -2. Suppose -3*s = -w*s - 51. Calculate the greatest common factor of s and 119.
17
Suppose 3*t - 6*y + 9*y - 621 = 0, 4*t + 2*y = 824. What is the highest common factor of t and 41?
41
Let z(u) = -64*u. Let i = 1 + -2. Let v be z(i). Let x be (-6)/5*(-160)/24. What is the greatest common factor of v and x?
8
Let w(h) be the second derivative of h**3/2 - h**2 + 16*h. Let y be w(4). What is the highest common divisor of 15 and y?
5
Let f(j) be the third derivative of -j**6/120 - 7*j**5/60 + 7*j**4/12 - j**3/3 - 10*j**2. Let o be f(-9). What is the greatest common divisor of o and 17?
17
Let d = 16 + -12. Let v = 47 + -24. Suppose -v = -d*j - 3. Calculate the highest common divisor of j and 5.
5
Suppose 92*m + 842 - 4338 = 0. Let b(x) = x**3 + 8*x**2 - 4*x - 1. Let y be b(-7). Calculate the greatest common factor of y and m.
38
Let g be 3 + ((-3)/(-1) - 16). Let t = -7 - g. Let x = 8 - t. What is the greatest common factor of x and 2?
1
Let a = -163 + 415. Calculate the greatest common divisor of 108 and a.
36
Let v be (-4)/(-6) - 5/3. Let r be 1/(-2)*v*300. Let i = -86 - -146. What is the highest common divisor of i and r?
30
Let p = 54 - 49. Suppose -45 = -s + p*a, 0*a = s + 3*a - 13. What is the greatest common factor of 25 and s?
25
Let c(m) = m**3 + 7*m**2 + 5*m - 1. Let k be c(-4). Let q be (k/45)/(((-8)/(-90))/4). Calculate the highest common divisor of 189 and q.
27
Let n(y) = -3*y + 10. Let g be n(5). Let i(u) = -3*u**2 - 17*u - 6. Let j be i(g). What is the highest common factor of 32 and j?
4
Suppose 0 = 19*s - 17*s - 3*t - 39, -2 = 2*t. Let m(y) = 125*y**2 + 1. Let a be m(-1). Calculate the highest common divisor of s and a.
18
Let u(b) = -6*b + 8. Let n be u(-6). Let t(y) = -13*y - 2. Let o be (-3)/(-6)*-8 + 3. Let z be t(o). What is the highest common divisor of n and z?
11
Let k be 129/86 - 237/(-2). What is the greatest common factor of k and 48?
24
Suppose -68 = -2*l - 5*r, 0 = 2*l - 0*r + 2*r - 56. Let a = 188 - 152. What is the highest common divisor of a and l?
12
Let x(u) = -277*u - 318. Let t be x(-5). Calculate the greatest common facto